is divided by g(4).
3
Let p(x) = 25*x**3 + 2*x**2 - 1. Let r be -1 - (1 - -2 - 5). What is the remainder when p(r) is divided by 14?
12
Suppose -3*a + 144 = -v, 2*a + 444 = -3*v - a. Let t = -100 - v. Let m = -33 + t. What is the remainder when 39 is divided by m?
11
Let g = -1285 + 1762. What is the remainder when g is divided by 121?
114
Suppose 104 = -2*q - 2*b + 236, 5*q = -b + 318. Let j = 26 + -18. What is the remainder when q is divided by j?
7
Let j(g) = -42*g - 87. Calculate the remainder when j(-7) is divided by 35.
32
Let i(a) = 31*a - 49. What is the remainder when ((-1)/1)/(2/(-50)) is divided by i(2)?
12
Let g = 10740 + -10725. Let v = -4 + 6. Calculate the remainder when (-41)/((-2)/v + 0) is divided by g.
11
Let a = -6 + 8. What is the remainder when (35 - (-1 + 2)) + a is divided by 13?
10
Suppose 0 = 2*v - z - 123, 2*v + z - 93 = -4*z. Suppose 0 = m + 2*q - 30, q = 4*m - 52 - v. Calculate the remainder when m is divided by 1*(-30)/(-27)*9*1.
8
Suppose -5*f + 93 = -u - 2*u, 5 = -5*u. Calculate the remainder when 160 is divided by f.
16
Suppose -m = -4*m - 5*b + 67, -22 = -m - 2*b. What is the remainder when m is divided by 18?
6
Suppose -5*q = -12 - 3. Suppose -q*r = -37 - 8. Let h(s) = -s**3 + s**2 + 3*s + 1. Calculate the remainder when h(-3) is divided by r.
13
Let j = 9 + -5. Suppose 41 = j*v + 5. Calculate the remainder when 2/(-6) - (-147)/v is divided by 3.
1
Suppose g - 2 + 0 = 0, -4*g + 128 = 4*b. Suppose -5*i + 4*a = -291, -122 = -2*i - 0*a + 3*a. What is the remainder when i is divided by b?
25
Let y(x) = 11*x**2 - 6*x - 1. Let k(w) = 10*w**2 - 5*w - 1. Let u(d) = 7*k(d) - 6*y(d). Calculate the remainder when (9 - 10)/(1/(-6)) is divided by u(1).
2
Suppose -5*r + 11 = -4*r. Let f = 4 + r. What is the remainder when f is divided by (16/(-20))/(2/(-10))?
3
Let g(m) = 45*m - 53. What is the remainder when g(3) is divided by 30?
22
Suppose 4*h = -x + 30, -24 = -3*x + h + 1. Suppose -a + x = 4*a. Suppose 0 = -2*c - a*q + 4 + 26, -24 = -2*c + q. What is the remainder when 36 is divided by c?
10
Suppose -3 = 3*h - 3. Let f(y) = -2*y + 6. Calculate the remainder when 29 is divided by f(h).
5
Let i(s) = -s + 3 - 12 + 3*s**2 + 0*s**2. Let t be i(8). Calculate the remainder when (48/14)/(10/t) is divided by 21.
18
Let q(j) = j**3 + 6*j**2 - 45*j + 9. What is the remainder when q(-10) is divided by 16?
11
Let d be 2*6*23/69. Let m = 28 - 4. Suppose 0*w - w = 5*c - 17, d*w = 2*c + m. Calculate the remainder when 12 is divided by w.
5
Let k = 40 + -30. Let f = 34 - k. Calculate the remainder when f is divided by 11.
2
Calculate the remainder when 501 is divided by 7 + (5 - (-149 - 6)).
0
Let s be (0 + 26)/1 + 5 + -2. Suppose 14*v + s = 15*v. Calculate the remainder when 55 is divided by v.
26
Let x = 33 + -11. Suppose -3*f = -4*j - 125, 0*f - 5*f + 218 = 3*j. What is the remainder when f is divided by x?
21
Let u(m) = -m**2 + 4*m + 4. Let g(f) = f - 2. Let x be g(5). What is the remainder when 11 + -2 + (-2)/(-1) is divided by u(x)?
4
Let j(w) = 9*w - 1102. Let g(d) = -d**2 - 6*d. Calculate the remainder when j(126) is divided by g(-3).
5
Let d = 39 - 19. Suppose 7*v - 637 + 399 = 0. What is the remainder when v is divided by d?
14
Calculate the remainder when (-5328)/(-96)*1*(-4)/(-6) is divided by 21.
16
Suppose 0 = -2*x + 171 - 131. Calculate the remainder when 3297 is divided by x.
17
Suppose 63 = o - 5*a + 8*a, -3*o = 5*a - 169. What is the remainder when 669 is divided by o?
45
Let p = 528 + -502. What is the remainder when 68 is divided by p?
16
Calculate the remainder when 9 is divided by (-4)/5 + 98/35.
1
Let f = -1 + 4. Let y(p) = 69*p + 488. What is the remainder when ((-11)/(-2))/(f/12) is divided by y(-7)?
2
Let x(k) = -k + 12. Calculate the remainder when 1/2 - (-69)/2 is divided by x(6).
5
Suppose 0 = 2*i - 4*p - 0*p - 54, 3*i - p = 61. What is the remainder when 111 is divided by i?
16
Let l = 57 - 72. Calculate the remainder when 15/l + (-156)/(-2) is divided by 20.
17
Let n(l) = -14*l - 20 + 34 - 16 - 4*l. What is the remainder when n(-3) is divided by 18?
16
Suppose -1985 = -14*s - 11. What is the remainder when s is divided by 15?
6
Let z(y) = y**2 + 4*y - 3. Let m be z(-6). Let s(a) = -6*a + 6 + m*a + 4*a + 4*a - a**2. What is the remainder when 47 is divided by s(10)?
15
Suppose 0 = -159*s + 171*s + 48. Suppose -3*i + 2*k = -272, -4*i - 2*k + 432 = i. What is the remainder when i - (s/1 - -2) is divided by 23?
21
Let p(w) = 15*w + 61. Calculate the remainder when p(4) is divided by 43.
35
Let d be (-6 + 0)/(-6) - (-3)/(-1). Let n(s) = -10*s + 4. What is the remainder when 45 is divided by n(d)?
21
Let g(j) = -j**3 + 19*j**2 + 22*j - 26. Suppose -2*l + 49 = 9. What is the remainder when 167 is divided by g(l)?
13
Suppose -8*x + 0*x + 576 = 0. Calculate the remainder when 1151 is divided by x.
71
Let r = -224 - -457. What is the remainder when r is divided by 22?
13
Suppose -29 = -11*j + 10*j. What is the remainder when 8*6*(-7)/(-4) is divided by j?
26
Let s(j) = j**3 - j**2 - 3. Let x be s(0). Let z = 7 + x. Suppose 2*r + 4 = 3*l - 6, z*l - 4*r - 16 = 0. Calculate the remainder when 9 is divided by l.
1
Let f(z) = -z + 14. Let o be f(6). What is the remainder when 22 is divided by (-3)/(14/o + -2)?
10
Let t be 3/(-3*2/24). Calculate the remainder when 23 is divided by (-1 - 0)*1*t.
11
Suppose 5*s - 93 = 2*u, s - 4*u = -u + 16. Calculate the remainder when 73 is divided by s.
16
Suppose -9 = -u + 23. Let i = -109 + 154. Suppose 11*p - 7*p + z - i = 0, z + 54 = 5*p. Calculate the remainder when u is divided by p.
10
Let q(v) = 4*v**2 + 22*v. Calculate the remainder when q(3) is divided by 22.
14
Let g(j) = j**3 + 18*j**2 + 29*j - 30. What is the remainder when 52 is divided by g(-16)?
16
Let y(m) = -m - 11. Let o be y(8). Let w = o - -36. Calculate the remainder when 66 is divided by w.
15
Let t(u) be the first derivative of -u**3/3 - 9*u**2/2 - 8*u - 6. Let i = -151 + 154. Calculate the remainder when t(-7) is divided by i.
0
Let v(n) be the first derivative of n**4/2 - 25*n**3/3 - 9*n**2/2 - 13*n - 10. What is the remainder when v(13) is divided by 10?
9
Let a(h) = -h. Let x be a(-2). Suppose 26 = 4*t + 2. Suppose t*v + 97 = g + x*v, 149 = 2*g + v. What is the remainder when g is divided by 16?
13
Let t = 195 + -60. Calculate the remainder when t is divided by 34.
33
Let z = -143 + 160. Calculate the remainder when 63 is divided by z.
12
Let f = -17 + 79. What is the remainder when f is divided by 16?
14
Let y(n) = -40*n - 42. What is the remainder when 66 is divided by y(-2)?
28
Let q(z) = -z**3 + 11*z**2 - 12*z + 40. Calculate the remainder when q(10) is divided by 4.
0
Let m(h) = -h**3 + 8*h**2 + 5*h + 3. What is the remainder when m(6) is divided by 9?
6
Let v(p) = p**3 + 3*p**2 - p. Calculate the remainder when -4 + 18/5 + (-1239)/(-35) is divided by v(2).
17
Suppose 0 = 3*v - 71 + 992. Let q = -157 - v. Calculate the remainder when q is divided by 51.
48
Suppose -4*k + 0*k = -24. Suppose 13*h - 287 = 6*h. What is the remainder when h is divided by ((-22)/1)/(4 - k)?
8
Let u = -20 - -35. Let s(v) = -v**3 - 8*v**2 - 8*v - 5. Calculate the remainder when s(-8) is divided by u.
14
Suppose 5*s - 4*u - 786 = -0*s, -2*s + 321 = 5*u. What is the remainder when s is divided by 54?
50
Let f be 16/6*30/(-8). Let k = 43 + f. Calculate the remainder when 96 is divided by k.
30
Let k(o) = -o**3 + o - 4*o**2 + 11 - 2*o**2 + 0*o**3. Let h be k(-6). Suppose 11 = h*l - 4*l. What is the remainder when 41 is divided by l?
8
What is the remainder when ((-12)/15)/(4/(-1030)) is divided by 4?
2
Let i = 57 + 45. Calculate the remainder when i is divided by 36.
30
Suppose 0 = 3*b + 2*y - 198, -8*b + 5*b + 198 = -3*y. Calculate the remainder when b is divided by 30.
6
Suppose 3*n - m = 125, 74 = 2*n - 2*m - 8. Let w(c) = -5*c - 32. Let b be w(-7). What is the remainder when n + 1/((-1)/b) is divided by 14?
11
Let u = 8 - 4. Suppose 3*w - 4*d - 20 = 0, 4*w = 2*w + u*d + 16. Suppose j - w*l = -l + 39, 4*l + 172 = 4*j. Calculate the remainder when j is divided by 16.
13
Let w = -283 + 550. Calculate the remainder when w is divided by 54.
51
Let b = -46 + 22. Let g = b - -39. What is the remainder when g is divided by 10?
5
Su